ose -4*g + 1652 = -l, -7*g + 1652 = -3*g + 5*l. Let t = -21 - -24. Suppose -t*x + g = -844. Is x composite?
False
Let f(c) = 2*c - 11. Let d be f(8). Suppose -9*m + d*m = -2212. Is m composite?
True
Suppose -2*h - 3*r + 10 = -2, 0 = 4*h - r - 10. Suppose -4*c - k + 452 = 0, 3*c - 297 = h*k + 42. Is c a prime number?
True
Let x = -23 - -27. Suppose -264 = -2*i - 4*v + 306, -x*v - 1481 = -5*i. Is i composite?
False
Suppose -8*b + 6512 = 2*q - 3*b, -5*b - 12994 = -4*q. Is q a composite number?
False
Let z be (-8 - 221)/(1 + -2). Let b = 972 - z. Let g = -454 + b. Is g prime?
False
Let j be (12/10)/((-5)/(-25)). Let a be j/((-6)/(-3)) - 10. Let k(t) = t**3 + 7*t**2 - 6*t + 9. Is k(a) composite?
True
Let o(h) = 5*h**2 - 4*h - 724. Is o(-63) prime?
True
Let c be 0 + -4 + (-4)/(-2) + 2451. Suppose a - c = 1748. Is a a composite number?
True
Let a(n) = 3*n + 4. Let r(q) = 3*q + 4. Let y(u) = 3*a(u) - 4*r(u). Let i be y(2). Let l(o) = -24*o - 17. Is l(i) a composite number?
False
Let h = 6006 - -2047. Is h prime?
True
Suppose -3*y = -5*c - 5018, c + 6 = 5. Let g = y - 1040. Is g a composite number?
False
Let p(n) be the second derivative of -n**4/12 - 11*n**3/6 - 6*n**2 + 3*n. Let h be p(-9). Suppose -575 = l - h*l. Is l prime?
False
Let y = 42238 - 17179. Is y a composite number?
True
Let c = -23 - -28. Suppose -4*z = c*k - 6*z - 1740, 4*z + 20 = 0. Is k prime?
False
Let m be 170*-12*(-1)/5. Suppose z - 1220 = -3*w, w - m = 5*z - 4*z. Is w composite?
True
Suppose -3*c - j + 47 = -76, 0 = -5*j. Suppose 35*u + 690 = c*u. Is u a prime number?
False
Let l = -4 + 38. Suppose -h = -2*u + 3*h + l, 4*h - 29 = -u. Is u - 0/(-3 - 1) composite?
True
Let m(i) = -6*i**2 - 11*i - 7. Let k(h) = 6*h**2 + 12*h + 7. Let p(n) = 4*k(n) + 5*m(n). Let z(w) be the first derivative of p(w). Is z(-8) composite?
False
Suppose 4*g + 79 = 83. Is (-774 + -11)/((-1)/g) a composite number?
True
Suppose -4*i - 550 + 82 = 0. Let p = -73 - i. Suppose -44 - p = -4*f. Is f composite?
True
Suppose -4835 = -2*u - 531. Let p = 5739 - u. Is p a composite number?
True
Suppose -2335 + 14598 = 3*s + n, 4*n = 8. Is s composite?
True
Suppose 0 = -3*u + 3*f + 6, -2*u = 3*f - 4*f - 1. Let r(j) = -143*j + 2. Is r(u) composite?
True
Let f = 0 - -2. Is ((-4)/(-16)*-694)/(f/(-4)) a composite number?
False
Let g(c) = 2*c + 4. Let m be g(-4). Let z be 390/m*16/(-12). Suppose 0 = 2*u - z - 280. Is u a prime number?
False
Let k = 1156 - -21. Is k prime?
False
Let g(o) = o**2 - o + 12. Let t be g(7). Suppose 118 + t = 2*f. Is f a prime number?
False
Let u be 2 - (-1 - 2*(-3 - -1)). Is 1 + u + -1 - (-910)/2 composite?
True
Suppose 5*n = 22 + 3. Suppose -n*j + 4 = -16. Is j prime?
False
Let n = -30 - -46. Suppose -f = -5*f - n. Is 1/4 + (-3163)/f composite?
True
Let m(t) = 7*t**2 + 14*t - 10. Is m(9) composite?
False
Is (11 - 2)*16 + -1 composite?
True
Let t(p) = 10*p - 3*p + 25*p**2 - p - 5. Let v(z) = -z**3 - z + 4. Let y be v(0). Is t(y) composite?
False
Is 6/51 + (-17589480)/(-680) prime?
True
Let r(a) = 128*a - 4. Let b be r(4). Let w = 713 - b. Is w a prime number?
False
Let m(i) = 11478*i**2 + 6*i + 5. Is m(-1) a prime number?
False
Let a be (0 + (-65)/2)/((-1)/8). Suppose 38 = 5*u + 2*t, 3*u + 21 = 5*u - 5*t. Suppose -u*c = -12*c + a. Is c prime?
False
Suppose 0 = 4*g + 2*h + 20, -16 = 5*g - 0*h - 2*h. Is (-1 - g) + 6/(-3) + 886 a prime number?
True
Is (-344245)/(-20) - 6/(-8) prime?
False
Suppose -2*l + 11865 = u, 9816 = 2*u - 5*l - 13905. Is u a composite number?
False
Suppose 0*v - 5*a = -2*v + 22, v + a = -3. Suppose 0 = -4*n + 4, 2*l = -l - 4*n + v. Is ((2 - 0) + -349)/l a composite number?
False
Let p(u) = 127*u**2 - 95. Is p(-10) prime?
False
Let j = 7 - 3. Is j*191/(-4)*-1 a composite number?
False
Let i = -9 + 15. Suppose 4*b + 850 = i*b. Suppose 3*z = -2*z + b. Is z prime?
False
Let h(g) = -g**3 - 8*g**2 - 7*g - 7. Let a(b) = -b**3 - 8*b**2 - 7*b - 7. Let k(p) = 5*a(p) - 4*h(p). Is k(-13) prime?
True
Let v be -18*-3*(-1)/(-9). Suppose 9*o - v*o = 6. Suppose -o*r = 5*h - 1009, 195 = h - 2*r - 2. Is h a prime number?
False
Let z(w) = 38*w**2 + 3*w + 1. Let o be z(-2). Let k = 478 - 560. Let j = o + k. Is j a composite number?
True
Let b(d) = 6*d**2 - 4*d + 69. Is b(11) prime?
True
Suppose 6*j + 1 = 1. Suppose 4*s - 308 = 3*y, j = -5*s - 2*y - y + 385. Is s composite?
True
Suppose 0*k = k + 1. Let f be (-3)/3*(k - 1). Suppose f*c - 3*m = 68, 4*m - 3*m - 2 = 0. Is c a composite number?
False
Suppose -4*g = -20306 - 29450. Is g a composite number?
True
Let g(f) = 5*f - 5. Let o be g(2). Suppose 0 = o*c - 4*c + 1. Is -3*26/6*c composite?
False
Suppose 5*m = 2*b + 3*b + 35, 4*b - 2 = -2*m. Let w = 6 + b. Suppose 0 = w*q - 1772 - 344. Is q prime?
False
Suppose 11 - 31 = -5*w. Let c = w - 4. Suppose -d - d + 914 = c. Is d composite?
False
Let q(i) = -63*i + 16. Suppose 5*k = -0*k + 15. Let h be k/(-2) - (-21)/(-6). Is q(h) a composite number?
False
Let y be (2/(-6))/(18/54). Is (2/4)/(y/(-998)) + 0 prime?
True
Let p = -345 + 645. Let o be (-1)/((-2)/(-10)) + (-6)/(-2). Let v = o + p. Is v prime?
False
Suppose -12 = -47*d + 44*d. Is (-1)/d + (34522/8 - 0) composite?
True
Let n(a) = a**3 - a**2 - 3*a - 4. Let l be n(3). Suppose 102 = -l*u + 1637. Is u a composite number?
False
Suppose 16800 + 1540 = 5*t - 3*u, 2*t - 7337 = u. Is t prime?
True
Let p(i) = i**3 - 3*i**2 + 10*i - 11. Let w be (-306)/(-54) + 2/6. Is p(w) prime?
True
Let m = -110 - -161. Suppose -2*k = -3*y - 6*k - m, -y - 2*k - 15 = 0. Let i = y - -47. Is i composite?
True
Let j be ((-12)/54 - 195/(-27)) + -2. Let b be 6/4*(-636)/(-9). Suppose 0 = -j*v + b + 4. Is v a composite number?
True
Suppose -2*y + 1005 = 2*j - 69, -2*j = y - 535. Let w = -282 + y. Is w composite?
False
Let c(g) = 499*g**2 - 7*g + 4. Let n be c(2). Suppose 5*a = -a + n. Is a a prime number?
True
Let w(q) = 85*q - 30. Let x be w(9). Let m = 1042 - x. Is m prime?
True
Suppose 1 = -2*b + 5. Suppose -104 = 2*y + b*y. Is (-4)/y + 9025/65 composite?
False
Let n(l) = -l**2 + 41*l + 170. Let q be n(34). Let t(r) = -6*r**3 - 2*r**2 - 2*r + 5. Let h be t(-5). Let s = h - q. Is s composite?
False
Let a be (7 - 4) + (-1 - -1). Suppose o = -4, -8*g + 2*o + 2538 = -a*g. Suppose 2*q + 2*q = -2*i + g, 1286 = 5*i + 3*q. Is i a prime number?
False
Suppose 4*k - 2*g - 28 = 0, -40 = -5*k - 5*g - 5. Suppose 144 = 4*s + 5*i, -3*s = -k*s - 4*i + 140. Is s prime?
True
Let k(a) = -a**3 - 14*a**2 - 40*a - 43. Is k(-18) a composite number?
False
Let i = 21135 - 7088. Is i a composite number?
True
Suppose 0*u + 18*u - 31698 = 0. Is u prime?
False
Let d(r) = -r**3 + 16*r**2 + 9*r - 30. Let n be d(16). Let l = -45 + n. Is l a composite number?
True
Let j(c) = -1991*c - 144. Is j(-17) prime?
True
Let u(r) = r**2 - r + 4 - 2*r**3 + 2 + r**3 - 5. Let q(o) = -7*o**3 + 10*o**2 - 11*o + 3. Let p(b) = -q(b) + 6*u(b). Is p(5) prime?
True
Suppose 0 = -5*b - 3*c + 6750, -4*b + 5400 = -0*b + c. Let n = b + -587. Is n prime?
False
Let z be (2/(-1))/(6/(-2127)). Suppose -z = -3*q - 178. Is q a composite number?
True
Let j(d) = 7*d**2 - 9*d. Let v be j(6). Let x = 379 - v. Is x a prime number?
True
Suppose 0 = 4*u - u. Suppose 3*k + 652 + 659 = 5*x, k + 2 = u. Suppose -c + 4*c = x. Is c composite?
True
Let j be 150/(-20)*8/(-10). Suppose 5 = -4*x - v, 5*x - j = 4*v + 14. Suppose x*f = 3*f - 603. Is f a composite number?
True
Suppose -48*z + 62058 = -56358. Is z a composite number?
False
Let d(v) = 23*v**2 + 13*v - 33. Let s(l) = -11*l**2 - 7*l + 16. Let f(z) = z**3 - 7*z**2 + z - 10. Let x be f(7). Let q(t) = x*d(t) - 7*s(t). Is q(6) prime?
False
Suppose 3*a - 4*r - 9004 = 0, -2*a - 2*r + 9034 = a. Suppose -748 = 2*x + c - 2251, a = 4*x + 4*c. Is x a composite number?
False
Suppose 364893 + 189563 = 28*s. Is s composite?
True
Let c = 10055 - 5728. Is c prime?
True
Suppose 4*y - 4257 = -6*z + z, 2*z = 3*y + 1712. Is z composite?
False
Suppose 4*v - 803 = -q, 13*q - 9*q - 3132 = 4*v. Is q composite?
False
Let u(h) = 49*h**2 - 12*h + 22. Is u(13) a composite number?
False
Let m(s) = -10*s**2 + 3 - 24*s - 5 + 18*s. Let p be m(-7). Let q = p - -749. Is q a prime number?
False
Suppose 2*k + 3*k + 5*q = 30, 3*k - 24 = -q. Let r(b) = -b + 1. Let t(y) = -24*y - 3. Let g(d) = r(d) - t(d). Is g(k) a composite numbe